 the highest common factor of 252 and 36?
36
Calculate the greatest common divisor of 44 and 308.
44
Calculate the greatest common divisor of 4 and 2402.
2
What is the greatest common factor of 4980 and 90?
30
Calculate the greatest common divisor of 217 and 1015.
7
What is the highest common factor of 45 and 35?
5
What is the greatest common factor of 1086 and 60?
6
What is the highest common factor of 6069 and 21?
21
Calculate the highest common factor of 100 and 3700.
100
What is the greatest common divisor of 176 and 2233?
11
Calculate the highest common divisor of 1848 and 1254.
66
Calculate the greatest common factor of 296 and 74.
74
What is the greatest common divisor of 3 and 453?
3
What is the highest common divisor of 40 and 1930?
10
Calculate the greatest common factor of 1 and 113.
1
What is the greatest common factor of 32 and 3736?
8
What is the highest common factor of 73664 and 64?
64
What is the highest common divisor of 707 and 7?
7
Calculate the highest common divisor of 42 and 5250.
42
Calculate the greatest common factor of 19902 and 963.
321
What is the highest common divisor of 19 and 475?
19
Calculate the highest common divisor of 221 and 377.
13
What is the greatest common divisor of 90 and 27?
9
Calculate the greatest common factor of 40 and 200.
40
Calculate the highest common factor of 12 and 32.
4
What is the greatest common divisor of 65 and 676?
13
What is the highest common factor of 208 and 5564?
52
Calculate the highest common factor of 3024 and 7.
7
What is the highest common factor of 31 and 1?
1
Calculate the greatest common factor of 115934 and 13.
13
Calculate the highest common divisor of 4620 and 24.
12
What is the greatest common factor of 1310 and 2489?
131
What is the highest common divisor of 52 and 53612?
52
What is the highest common factor of 81 and 6444?
9
Calculate the highest common factor of 568 and 71.
71
Calculate the highest common factor of 1122 and 102.
102
Calculate the greatest common factor of 1348 and 4.
4
Calculate the greatest common divisor of 6867 and 63.
63
What is the greatest common divisor of 76 and 14117?
19
What is the highest common factor of 1475 and 25?
25
Calculate the greatest common factor of 20 and 145.
5
What is the highest common divisor of 660 and 792?
132
Calculate the highest common divisor of 176 and 66.
22
What is the highest common factor of 17 and 2907?
17
Calculate the greatest common factor of 667 and 464.
29
Calculate the highest common factor of 736 and 96.
32
Calculate the highest common factor of 240 and 264.
24
Calculate the greatest common factor of 136 and 40.
8
Calculate the greatest common factor of 372 and 310.
62
What is the greatest common divisor of 24 and 2048?
8
Calculate the highest common factor of 28 and 7056.
28
What is the highest common factor of 4 and 70?
2
Calculate the highest common factor of 104 and 56.
8
Calculate the highest common divisor of 2912 and 52.
52
Calculate the highest common divisor of 1158 and 12.
6
What is the highest common divisor of 7 and 651?
7
What is the highest common divisor of 27 and 27?
27
Calculate the greatest common divisor of 11575 and 25.
25
Calculate the highest common divisor of 9 and 99.
9
What is the greatest common divisor of 2425 and 1358?
97
Calculate the greatest common factor of 10 and 1070.
10
What is the highest common divisor of 864 and 64?
32
What is the highest common divisor of 981 and 45?
9
What is the greatest common factor of 8 and 172?
4
What is the highest common divisor of 87 and 69?
3
What is the highest common divisor of 440 and 208?
8
What is the highest common factor of 35 and 875?
35
What is the greatest common factor of 23 and 667?
23
Calculate the highest common divisor of 91 and 143.
13
What is the highest common factor of 2563 and 44?
11
What is the highest common factor of 58 and 638?
58
Calculate the greatest common factor of 104 and 56.
8
What is the greatest common factor of 8228 and 561?
187
Calculate the highest common divisor of 270 and 540.
270
Calculate the highest common factor of 1134 and 84.
42
Calculate the highest common divisor of 714 and 63.
21
Calculate the highest common factor of 544 and 5100.
68
What is the highest common factor of 100 and 4?
4
What is the greatest common divisor of 71 and 77887?
71
What is the greatest common factor of 5324 and 33?
11
What is the highest common divisor of 48 and 304?
16
What is the highest common factor of 3537 and 567?
27
What is the greatest common divisor of 155 and 5?
5
Calculate the greatest common divisor of 2695 and 1375.
55
What is the greatest common divisor of 21 and 16240?
7
Calculate the greatest common factor of 18 and 810.
18
What is the highest common divisor of 473 and 77?
11
What is the highest common divisor of 10 and 22150?
10
What is the greatest common divisor of 15 and 5955?
15
Calculate the highest common factor of 1155 and 99.
33
What is the highest common divisor of 35047 and 101?
101
What is the highest common factor of 7 and 41?
1
Calculate the highest common factor of 154 and 2282.
14
What is the highest common divisor of 504 and 216?
72
Calculate the greatest common divisor of 115 and 60.
5
What is the highest common factor of 48 and 852?
12
What is the greatest common divisor of 78 and 498?
6
Calculate the greatest common divisor of 102 and 150.
6
What is the greatest common factor of 6762 and 1242?
138
What is the greatest common divisor of 30 and 105?
15
Calculate the greatest common divisor of 1625 and 375.
125
What is the highest common factor of 90 and 10?
10
What is the greatest common divisor of 1144 and 104?
104
What is the greatest common divisor of 8183 and 501?
167
Calculate the greatest common divisor of 2628 and 12.
12
What is the greatest common divisor of 576 and 171?
9
Calculate the highest common divisor of 1242 and 46.
46
What is the highest common factor of 42 and 84?
42
Calculate the highest common divisor of 310 and 124.
62
What is the highest common divisor of 825 and 528?
33
What is the greatest common divisor of 10880 and 102?
34
Calculate the highest common factor of 6345 and 282.
141
What is the greatest common divisor of 92 and 276?
92
Calculate the greatest common divisor of 49 and 973.
7
Calculate the greatest common factor of 718 and 15437.
359
What is the greatest common factor of 391 and 92?
23
Calculate the highest common factor of 324 and 11988.
324
What is the highest common factor of 113 and 3616?
113
What is the highest common divisor of 107 and 2889?
107
Calculate the highest common divisor of 836 and 528.
44
Calculate the greatest common factor of 7 and 567.
7
Calculate the highest common divisor of 70 and 266.
14
Calculate the greatest common divisor of 44 and 8162.
22
Calculate the highest common factor of 347 and 3.
1
Calculate the highest common factor of 36 and 99.
9
Calculate the highest common divisor of 12 and 2346.
6
What is the greatest common divisor of 90 and 1680?
30
What is the greatest common factor of 1106 and 14?
14
Calculate the greatest common factor of 22 and 22297.
11
What is the highest common divisor of 208 and 24?
8
What is the highest common factor of 55116 and 18?
18
Calculate the greatest common divisor of 658 and 1498.
14
Calculate the highest common factor of 140 and 1330.
70
What is the greatest common factor of 12 and 768?
12
What is the highest common divisor of 60 and 340?
20
What is the highest common factor of 424 and 16?
8
Calculate the highest common factor of 1404 and 15.
3
What is the greatest common divisor of 56 and 1096?
8
Calculate the greatest common factor of 5535 and 120.
15
Calculate the highest common factor of 78 and 195.
39
Calculate the highest common divisor of 1556 and 64.
4
What is the greatest common factor of 18161 and 143?
143
What is the highest common factor of 60 and 96?
12
What is the greatest common divisor of 225 and 63?
9
What is the highest common divisor of 4 and 172?
4
What is the greatest common divisor of 18 and 63?
9
Calculate the greatest common factor of 13579 and 37.
37
Calculate the greatest common divisor of 27 and 29349.
27
Calculate the greatest common factor of 42 and 2418.
6
What is the greatest common factor of 1159 and 244?
61
Calculate the greatest common divisor